29).
-133
Let n(a) be the first derivative of -a**5/20 + a**4/3 + a**3 - 3*a**2 + 115*a + 84. Let h(z) be the first derivative of n(z). What is h(6)?
-42
Suppose -2*a + 0*a - 4*u + 12 = 0, -a - u = -4. Let m = 207 - 206. Let o(x) = 2*x**2 + 6*x - 6. Let z(g) = -g + 1. Let b(l) = m*o(l) + 8*z(l). Determine b(a).
6
Let o(t) = -218*t + 62*t + 81*t + 28 + 78*t + 20. Calculate o(-7).
27
Let v(d) = -d**3 + 18*d**2 + d + 7. Let f = -2595 + 2613. Calculate v(f).
25
Let x(q) = q**2 + 2*q + 1. Let h be x(-2). Let s(y) = 8*y + y**2 - 9 + 1 + h. Calculate s(-8).
-7
Let c(w) = -49*w - 86. Let q(s) = -948*s - 1632. Let o(r) = 96*c(r) - 5*q(r). What is o(3)?
12
Let k = -176 + 178. Suppose -4*h = -4*q - 2 - 2, k = 2*h. Let g(o) = -o + 2. Determine g(q).
2
Let o(s) be the third derivative of -s**5/3 + 11*s**4/6 - 2*s**3 + 2*s**2. Let r(d) = 328 - 659 + 15*d + 327 - 7*d**2. Let c(b) = -6*o(b) + 17*r(b). Give c(8).
-4
Suppose 3 = u - 0*u. Let q(x) = 2*x + 1 - 4 + u*x**2 + 4*x - 2*x. Let z(c) = c**3 - 33*c**2 - 234*c + 2. Let w be z(39). Determine q(w).
17
Let v be ((-819)/18)/(-13) - 4/8. Let u = 14 + -10. Suppose -u*j = 5*j - v*j. Let r(q) = q - 9. Give r(j).
-9
Let p(n) = 2*n + 4. Let h be p(-2). Let q(o) be the second derivative of -o**4/12 + o**3/6 - 5*o**2/2 + 35*o. Calculate q(h).
-5
Suppose 0 = 3*x - 2 - 4. Suppose -4*r = 4*i + 5 - 1, 0 = x*r - 2*i + 2. Let o(d) = -7*d - 2 + 4*d + 0 + 2*d + 3. What is o(r)?
2
Let z(n) = 19 - 26 - 9*n + 24 - 4*n. Let y(o) = 6*o - 8. Let f(m) = 9*y(m) + 4*z(m). What is f(-3)?
-10
Let z(y) = -78*y + 20*y + 30*y + 24*y + y. Suppose -3*f = -l, -6*l + 30 = -2*l + 3*f. Let s = 4 - l. What is z(s)?
6
Suppose 5 = -2*h + 1, -2*i + 584 = -3*h. Let n = i + -291. Let a(z) = 3*z**2 + 3*z + 5. Give a(n).
11
Let h(i) = 3*i**2 - 24*i + 43. Let b = -8793 + 8795. Give h(b).
7
Let y(q) = q**3 - 6*q**2 - 5*q - 6. Let z(v) = -v**2 - 7*v + 4. Let a be 14/(-1)*(-12)/(-24). Let k be z(a). Suppose k*i - 10*i + 42 = 0. Determine y(i).
8
Let h = -1218 + 1778. Let s = -566 + h. Let p(t) be the second derivative of t**4/12 + 3*t**3/2 + t**2 - t. What is p(s)?
-16
Let x(q) = -q**2 + 10*q + 4. Let i = 110 + -235. Let c = i - -135. What is x(c)?
4
Let b(h) = 9*h**3 + 5*h**2 + 15*h + 13. Let v(j) = -2*j**3 - j**2 - 3*j. Let t(f) = b(f) + 5*v(f). Determine t(0).
13
Let s(x) be the third derivative of x**6/120 - 7*x**5/20 + 11*x**4/12 - 20*x**3/3 - 35*x**2. What is s(20)?
0
Let k = 5035 + -5044. Let i(j) = 29*j + 274. Give i(k).
13
Let v(c) be the first derivative of 9/2*c**2 - 19*c - 1/3*c**3 + 164. Give v(6).
-1
Let j(d) = d + 1. Let h(x) = x + 1. Let o(b) = -6*b - 7. Let p(v) = 3*h(v) + o(v). Let c be p(-5). Let r be (-10 + c)/((-2)/(-10)). What is j(r)?
6
Let m(j) = -j + 0*j + j**3 + 3*j - 2 - 4*j**2. Let g = -65748 + 65750. What is m(g)?
-6
Let z(w) = -4*w**2 - w + 2. Let f(h) = 0*h**2 - 8*h + 99 - 240 + 109 - h**2 - 6*h. Let o be f(-3). Give z(o).
-3
Let a(h) = 3451*h - 6869*h - 5 + 3434*h. Determine a(0).
-5
Let u(w) = 5*w**2 - 7*w**2 - 73*w + 24*w + 29*w + 7 + 24*w. Calculate u(-4).
-41
Let s(g) = -12. Let a(z) = -7. Let b(c) = -5*a(c) + 3*s(c). Let x(d) = -d - 5. Let n(m) = 5*b(m) - x(m). Let p = 0 - 0. Determine n(p).
0
Let p = -4285 - -4294. Let a(m) = -m**3 + 12*m**2 - 23*m - 16. Determine a(p).
20
Suppose -3*j - 3 - 3 = -4*g, -12 = -4*g. Suppose -k + j = k. Let u(i) = -103*i + 210*i + 1 - 105*i. Give u(k).
3
Let a(t) = 6*t - 4. Let p be -2 - (-300)/(90/9). Suppose -2*u + 14 = -5*i, u = -5*i + 20 - p. Determine a(i).
-16
Let b = 170 + -179. Let m(u) be the third derivative of -1/24*u**4 - 11/6*u**3 + 0 + 2*u**2 + 0*u. Determine m(b).
-2
Let h(v) = 3*v - 22. Let p be h(10). Let n(r) = 2*r - 17. Let q(j) = 5*j - 51. Let g(y) = p*n(y) - 3*q(y). Give g(-11).
6
Let g(v) be the second derivative of v**5/20 + 11*v**4/12 + 7*v**2/2 - 3338*v + 2. Calculate g(-12).
-137
Suppose 29 = -4*r - 3*i, r = -19*i + 18*i - 7. Let w(t) = -t**2 - 11*t + 7. What is w(r)?
31
Let s(h) = -h**2 - 4*h + 31. Let y be s(-5). Let l(k) = -17*k + 42*k - y*k - 9. Give l(-6).
-3
Let d(b) be the second derivative of b**3/6 - 7*b**2/2 + 89*b - 9. Let n(j) = j**2 + 4*j - 6. Let l be n(-6). Let y(f) = f. Let k be y(l). Give d(k).
-1
Let n = -565 + 571. Let x be (-76)/57*9/n. Let k(w) = w**2 - 3*w - 6. Calculate k(x).
4
Let u(b) = -b - 3. Let h(p) = -3*p + 130. Let y be h(41). Let a(m) = -2*m**3 + 13*m**2 + 7*m + 2. Let v be a(y). What is u(v)?
-5
Suppose -188*z + 7*z = -348 + 1253. Let q(r) = 1 - 4*r + r + 2 - r**2. Determine q(z).
-7
Let f(x) = -404 - 446 - 16*x + 1212 - 407. Determine f(-3).
3
Suppose 3*w = 3*j + 2*j - 2, 0 = -3*w + 3*j - 6. Let d(c) = -23 - 24*c - 14 + 31 + 10*c + 12*c. Give d(w).
2
Let p(d) be the third derivative of d**4/3 + 5*d**3/2 - 694*d**2. Calculate p(3).
39
Let q(d) = -d**3 + 7*d**2 + 6*d + 9. Suppose 0 = -4*f - 57 + 145. Suppose -4*z + f + 30 = -5*k, -20 = 5*k. Calculate q(z).
-7
Let z(c) be the third derivative of -c**4/6 - 3*c**3/2 + 26158*c**2. Suppose 3*s + 6 = 18. Determine z(s).
-25
Let c(a) be the third derivative of a**5/60 + a**4/4 - 4*a**3/3 + 28*a**2. Let b be 2/(-7) - 376/56. Determine c(b).
-1
Let m(k) = -3*k**2 - 7*k + 9. Let i(d) = 8*d**2 + 21*d - 27. Let a(s) = -4*i(s) - 11*m(s). Let y be 15/25 - 27/(-5). Let z be 6 - (y + (-5 - 1)). Give a(z).
3
Let f = 127 - 87. Suppose -2*t - 32 = -f. Let d(z) = z**2 + 3*z - 3. Give d(t).
25
Let c(u) = 13. Let r(h) = -2*h + 128. Let n(m) = -21*c(m) + 2*r(m). Give n(-6).
7
Let d(u) be the second derivative of -u**5/20 - 3*u**4/4 - u**3/2 - 3*u**2 + 3652*u. Determine d(-4).
-74
Suppose -3014*s + 70 = -3004*s. Let z(c) = -8*c - 13. What is z(s)?
-69
Let c(j) = -14*j**3 - 25*j**2 - j + 3. Let f(w) = -31*w**3 - 51*w**2 - 2*w + 5. Let o(h) = -11*c(h) + 5*f(h). Calculate o(20).
12
Let y be (-235)/(-2)*256/40. Let m = y - 752. Let r(s) = -s + 2 + s**3 + 2*s - 2*s**3. What is r(m)?
2
Suppose -174*x - 200*x = 0. Let a(u) be the third derivative of 1/30*u**5 - 30*u**2 + x*u + 0 + 1/2*u**3 + 1/12*u**4. Determine a(-3).
15
Let g(k) be the second derivative of -1/12*k**4 + 1/3*k**3 + 6*k + 11/2*k**2 + 3. What is g(5)?
-4
Let q(v) = -3 + 365*v - 362*v + 11 + 5. Let x be q(-3). Let f(w) = 2*w**2 - 4*w - 3. Determine f(x).
13
Let x = 11 - 6. Let h = 97 + -92. Let c(g) = -x*g**2 + 3*g**2 + 2*g + 9*g**2 - h*g**2. Calculate c(-2).
4
Let j(i) = -2*i - 23. Let d(p) = -2*p - 22. Let v(m) = 2*d(m) - 3*j(m). Let x = 33905 - 33917. Determine v(x).
1
Let q(h) be the third derivative of -2/15*h**5 + 7/12*h**4 - h**3 + 1/120*h**6 - 3*h + 0 - 10*h**2. Determine q(6).
6
Suppose 118*m + 168 = -4*g + 115*m, -98 = 2*g + 5*m. Let v = 27 + g. Let s(u) = 3*u + 17. Determine s(v).
-19
Let s(n) = n**2 + n - 8. Let q be 3/15*-1 + 91/5. Let u be (2 - q/27)*3. What is s(u)?
12
Let r(k) = k**2 - 6*k + 3. Let m(h) = -13*h**2 - 45*h - 15. Let y be m(-3). Give r(y).
-6
Let v(q) be the third derivative of q**4/6 + 2*q**3 - 1945*q**2. Give v(-4).
-4
Let s(q) = -3*q - 52 + 4*q + 0*q + q + 53. Suppose 18 - 2 = 4*n. Calculate s(n).
9
Let n be (-2 - 0) + 2 + 3. Let f(h) = n - 4 - 21*h + 0. Let j(a) = -6*a + 113. Let l be j(19). Calculate f(l).
20
Let m(z) = 3*z + 6. Let i be m(0). Let x be i + (-6 - -4) + -2. Suppose -7*j - x*j = 9. Let f(c) = 6*c + 1. Calculate f(j).
-5
Let w(o) = -8*o**3 - 9*o**2 - o - 7. Let z(x) be the first derivative of 7*x**4/4 + 7*x**3/3 + 6*x + 37. Let k(q) = -6*w(q) - 7*z(q). Let t = -1 + 7. Give k(t).
0
Let r(v) = v**3 + v**2 + v - 10. Let i be (-14)/4*(-76)/133. Suppose -i*c = 6*c + c. Determine r(c).
-10
Let v(j) = -j**2 + 8*j - 5. Let f(o) = -15*o**3 + 7*o**2 + 4. Let q be f(-3). Let m = -467 + q. What is v(m)?
10
Let u(n) = -2*n - 5*n**3 + 0*n**3 + 11*n**2 - 9 + 3*n**3. Let q be u(5). Let t(f) = 4 + 6 + 0 + 4*f - 5*f. Give t(q).
4
Let g = -55546 + 55541. Let n(m) = -3*m**2 - 6 + 4*m - 2*m**2 + 6*m**2. What is n(g)?
-1
Let o(d) = d - 3. Suppose 0*w + 3*w = -87. Let y = w - -25. Let m be (0 + y)*3/2. Determine o(m).
-9
Suppose -2*l - 9 = -21. Suppose -4*c - l = 6, -5*d + 1271 = 3*c. Let s(g) = d - 256 + 3*g - 4*g. Determine s(-2).
2
Suppose -135 = 2*d - 11*d. Suppose 6*n = 3 + d. Let m(r) = -r**3 + 2*r**2 + 4*r - 1. Determine m(n).
2
Let t(c) be the first derivative of -c**4/12 - 5*c**3/3 + 83*c**2/2 - 84. Let h(w) be 